{"id":2632,"date":"2025-07-09T11:01:56","date_gmt":"2025-07-09T09:01:56","guid":{"rendered":"https:\/\/yomas-electrodomesticos.com\/?post_type=product&#038;p=2632"},"modified":"2025-07-09T12:46:05","modified_gmt":"2025-07-09T10:46:05","slug":"calentador-estanco-a-gas-butano-saunier-duval-opalia-f12","status":"publish","type":"product","link":"https:\/\/yomas-electrodomesticos.com\/index.php\/producto\/calentador-estanco-a-gas-butano-saunier-duval-opalia-f12\/","title":{"rendered":"Calentador estanco a gas butano Saunier Duval Opalia F12"},"content":{"rendered":"<p><b>Calentador estanco Opalia F12 bajo NOx de gas butano:<\/b><\/p>\n<p>Reduce las emisiones de NOx y proporciona un alto nivel de confort y seguridad.<\/p>\n<p>&nbsp;<\/p>\n<p>Sin riesgo de inhalaci\u00f3n de humos gracias a la c\u00e1mara de combusti\u00f3n estanca que permite tomar el aire exterior y asegura la evacuaci\u00f3n de gases procedentes del quemador.<\/p>\n<p>&nbsp;<\/p>\n<p>Modulan su potencia seg\u00fan la temperatura del agua en la salida asegurando la estabilidad continua en ACS y utilizando la cantidad de gas precisa.<\/p>\n<p>&nbsp;<\/p>\n<p>Son autom\u00e1ticos, sin llama piloto y no consumen nada de gas durante el modo espera.<\/p>\n<p>&nbsp;<\/p>\n<p>Manejo del aparato sencillo e intuitivo.<\/p>\n<p>&nbsp;<\/p>\n<p>Dimensiones compactas que facilitan su instalaci\u00f3n en espacios reducidos.<\/p>\n<p>&nbsp;<\/p>\n<p>No requiere rejilla en la pared: no entra aire exterior (fr\u00edo o caliente).<\/p>\n<p>&nbsp;<\/p>\n<p>Incluye el kit de salida de gases est\u00e1ndar y los accesorios b\u00e1sicos para su instalaci\u00f3n.<\/p>\n<p><b>Datos t\u00e9cnicos:<\/b><\/p>\n<p>Referencia: 0010024959 &#8211; GBP.<\/p>\n<p>Dimensiones (altoxanchoxprofundo): 627x348x240 mm.<\/p>\n<p>Peso: 20 kg.<\/p>\n<p>Caudal nominal: 12 l\/min.<\/p>\n<p>Potencia t\u00e9rmica (min-max): 9,5-25,0 kW.<\/p>\n<p>Potencia \u00fatil (min-max): 8,2-22,0 kW.<\/p>\n<p>Clase eficiencia ACS: A.<\/p>\n<p>Perfil de consumo: L.<\/p>\n<p>Regulaci\u00f3n: termost\u00e1tica en salida.<\/p>\n<p>Temperatura estable (min-max): 38-60 \u00baC<\/p>\n<p>Encendido: electr\u00f3nico (230V\/50Hz).<\/p>\n<p>Panel de control: pantalla digital \/ Dial.<\/p>\n<p>Presi\u00f3n (min-max): 0,2-15,00 bar.<\/p>\n<p>Caudal m\u00ednimo de arranque: 2,7 l\/min.<\/p>\n<p>Longitud m\u00e1xima de evacuaci\u00f3n 60\/100 horizontal\/vertical: 3 m.<\/p>\n<p>El funcionamiento de este calentador es con gas, por lo que debe ser instalado por una empresa autorizada con personal t\u00e9cnico instalador de gas.<\/p>\n<p>La garant\u00eda del producto, al ser un equipo instalado, la da directamente el fabricante mediante su red de servicios de asistencia t\u00e9cnica. Para cualquier incidencia, p\u00f3ngase en contacto directamente con Saunier Duval.<\/p>\n","protected":false},"excerpt":{"rendered":"<div class=\"product-description-container d-none d-md-block mt-md-3\">\n<p class=\"description\" data-copy-html=\"true\" data-copy-html-size=\"md\" data-html-target=\"#description_location_mobile\">El calentador estanco a gas butano Opalia F12 bajo NOx tiene un dise\u00f1o funcional, un control sencillo y es f\u00e1cil de usar. Incorpora una c\u00e1mara de combusti\u00f3n estanca sin riesgo de inhalaci\u00f3n de humos. Encendido autom\u00e1tico sin llama piloto. Con salida de gases incluida.<\/p>\n<\/div>\n<hr class=\"hr-files d-none d-md-block\" \/>\n<div class=\"d-none d-md-block ifc-features-wrapper\">\n<h2 class=\"h5\">Caracter\u00edsticas<\/h2>\n<div class=\"ifc-features-table\" data-copy-html=\"true\" data-copy-html-size=\"md\" data-html-target=\"#features_location_mobile\">\n<dl class=\"feature-list\">\n<dt class=\"mr-1\">\u00a0<span class=\"feature-name clase-eficiencia-energetica\">Eficiencia Energ\u00e9tica:<\/span><\/dt>\n<dd class=\"feature-value clase-eficiencia-energetica\">A<\/dd>\n<dt class=\"mr-1\">\u00a0<span class=\"feature-name tipo-de-gas\">Tipo de gas calderas y calentadores:<\/span><\/dt>\n<dd class=\"feature-value tipo-de-gas\">Gas butano<\/dd>\n<dt class=\"mr-1\">\u00a0<span class=\"feature-name perfil-de-consumo-acs\">Perfil ACS:<\/span><\/dt>\n<dd class=\"feature-value perfil-de-consumo-acs\">L<\/dd>\n<dt class=\"mr-1\">\u00a0<span class=\"feature-name tipo-de-calentador\">Tipo de calentador:<\/span><\/dt>\n<dd class=\"feature-value tipo-de-calentador\">Estanco<\/dd>\n<\/dl>\n<\/div>\n<\/div>\n","protected":false},"featured_media":2668,"comment_status":"open","ping_status":"closed","template":"","meta":[],"product_brand":[],"product_cat":[80],"product_tag":[],"class_list":{"0":"post-2632","1":"product","2":"type-product","3":"status-publish","4":"has-post-thumbnail","6":"product_cat-calentadores","8":"first","9":"instock","10":"shipping-taxable","11":"purchasable","12":"product-type-simple"},"jetpack_sharing_enabled":true,"_links":{"self":[{"href":"https:\/\/yomas-electrodomesticos.com\/index.php\/wp-json\/wp\/v2\/product\/2632","targetHints":{"allow":["GET"]}}],"collection":[{"href":"https:\/\/yomas-electrodomesticos.com\/index.php\/wp-json\/wp\/v2\/product"}],"about":[{"href":"https:\/\/yomas-electrodomesticos.com\/index.php\/wp-json\/wp\/v2\/types\/product"}],"replies":[{"embeddable":true,"href":"https:\/\/yomas-electrodomesticos.com\/index.php\/wp-json\/wp\/v2\/comments?post=2632"}],"version-history":[{"count":1,"href":"https:\/\/yomas-electrodomesticos.com\/index.php\/wp-json\/wp\/v2\/product\/2632\/revisions"}],"predecessor-version":[{"id":2669,"href":"https:\/\/yomas-electrodomesticos.com\/index.php\/wp-json\/wp\/v2\/product\/2632\/revisions\/2669"}],"wp:featuredmedia":[{"embeddable":true,"href":"https:\/\/yomas-electrodomesticos.com\/index.php\/wp-json\/wp\/v2\/media\/2668"}],"wp:attachment":[{"href":"https:\/\/yomas-electrodomesticos.com\/index.php\/wp-json\/wp\/v2\/media?parent=2632"}],"wp:term":[{"taxonomy":"product_brand","embeddable":true,"href":"https:\/\/yomas-electrodomesticos.com\/index.php\/wp-json\/wp\/v2\/product_brand?post=2632"},{"taxonomy":"product_cat","embeddable":true,"href":"https:\/\/yomas-electrodomesticos.com\/index.php\/wp-json\/wp\/v2\/product_cat?post=2632"},{"taxonomy":"product_tag","embeddable":true,"href":"https:\/\/yomas-electrodomesticos.com\/index.php\/wp-json\/wp\/v2\/product_tag?post=2632"}],"curies":[{"name":"wp","href":"https:\/\/api.w.org\/{rel}","templated":true}]}}