{"id":2649,"date":"2025-07-09T11:02:02","date_gmt":"2025-07-09T09:02:02","guid":{"rendered":"https:\/\/yomas-electrodomesticos.com\/?post_type=product&#038;p=2649"},"modified":"2025-07-09T11:02:27","modified_gmt":"2025-07-09T09:02:27","slug":"calentador-atmosferico-a-gas-natural-ariston-fast-rx-11","status":"publish","type":"product","link":"https:\/\/yomas-electrodomesticos.com\/index.php\/producto\/calentador-atmosferico-a-gas-natural-ariston-fast-rx-11\/","title":{"rendered":"Calentador atmosf\u00e9rico a gas natural Ariston Fast RX 11"},"content":{"rendered":"<p><b>Calentador atmosf\u00e9rico a gas natural instant\u00e1neo Fast RX 11:<\/b><\/p>\n<p>Calentador de tiro natural con emisiones NOx por debajo de 56 mg\/kWh.<\/p>\n<p>M\u00e1ximo ahorro por su encendido directo sin llama piloto.<\/p>\n<p>Encendido con bater\u00eda (incluye pilas).<\/p>\n<p>Nuevo sistema de modulaci\u00f3n que permite una mayor estabilidad de temperatura.<\/p>\n<p>Alta fiabilidad de funcionamiento incluso con caudal bajo.<\/p>\n<p>Sistema de protecci\u00f3n de m\u00e1xima seguridad: control de llama, termostato de sobre temperatura y control de humos.<\/p>\n<p>F\u00e1cil de usar: dos botones para una regulaci\u00f3n r\u00e1pida y sencilla.<\/p>\n<p>No incluye flexibles ni llave de paso.<\/p>\n<p><b>Datos t\u00e9cnicos:<\/b><\/p>\n<p>Dimensiones (altoxanchoxprofundo): 617x310x255 mm mm.<\/p>\n<p>Peso neto: 10,2 kg.<\/p>\n<p>Tipo de encendido: inonizaci\u00f3n (sin llama piloto)<\/p>\n<p>Potencia nominal max\/min.: 21.5\/9.5 kW<\/p>\n<p>Potencia \u00fatil max\/min.: 19.5\/8.4 kW<\/p>\n<p>Caudal espec\u00edfico ACS ( \u0394T=25\u00baC): 11 l\/min.<\/p>\n<p>Caudal de agua m\u00ednimo: 2,5 l\/min.<\/p>\n<p>Presi\u00f3n m\u00ednima de agua: 0,15 bar<\/p>\n<p>Alimentaci\u00f3n el\u00e9ctrica: 2 x 1,5V<\/p>\n<p>Clase de eficiencia ACS: A<\/p>\n<p>Perfil de consumo: M<\/p>\n<p>El funcionamiento de este calentador es con gas, por lo que debe ser instalado por una empresa autorizada con personal t\u00e9cnico instalador de gas.<\/p>\n<p>La garant\u00eda del producto, al ser un equipo instalado, la da directamente el fabricante mediante su red de servicios de asistencia t\u00e9cnica. Para cualquier incidencia, p\u00f3ngase en contacto directamente con Ariston.<\/p>\n","protected":false},"excerpt":{"rendered":"<div class=\"product-description-container d-none d-md-block mt-md-3\">\n<p class=\"description\" data-copy-html=\"true\" data-copy-html-size=\"md\" data-html-target=\"#description_location_mobile\">Calentador atmosf\u00e9rico a gas natural instant\u00e1neo Fast RX 11 para ACS. Bajo NOx con sistema de protecci\u00f3n de m\u00e1xima seguridad. Control de llama, termostato de sobre temperatura y control de humos. M\u00e1ximo ahorro por su encendido directo, sin llama piloto.<\/p>\n<\/div>\n<hr class=\"hr-files d-none d-md-block\" \/>\n<div class=\"d-none d-md-block ifc-features-wrapper\">\n<h2 class=\"h5\">Caracter\u00edsticas<\/h2>\n<div class=\"ifc-features-table\" data-copy-html=\"true\" data-copy-html-size=\"md\" data-html-target=\"#features_location_mobile\">\n<dl class=\"feature-list\">\n<dt class=\"mr-1\">\u00a0<span class=\"feature-name clase-eficiencia-energetica\">Eficiencia Energ\u00e9tica:<\/span><\/dt>\n<dd class=\"feature-value clase-eficiencia-energetica\">A<\/dd>\n<dt class=\"mr-1\">\u00a0<span class=\"feature-name tipo-de-gas\">Tipo de gas calderas y calentadores:<\/span><\/dt>\n<dd class=\"feature-value tipo-de-gas\">Gas natural<\/dd>\n<dt class=\"mr-1\">\u00a0<span class=\"feature-name perfil-de-consumo-acs\">Perfil ACS:<\/span><\/dt>\n<dd class=\"feature-value perfil-de-consumo-acs\">M<\/dd>\n<dt class=\"mr-1\">\u00a0<span class=\"feature-name tipo-de-calentador\">Tipo de calentador:<\/span><\/dt>\n<dd class=\"feature-value tipo-de-calentador\">Atmosf\u00e9rico<\/dd>\n<\/dl>\n<\/div>\n<\/div>\n","protected":false},"featured_media":2741,"comment_status":"open","ping_status":"closed","template":"","meta":[],"product_brand":[],"product_cat":[80],"product_tag":[],"class_list":{"0":"post-2649","1":"product","2":"type-product","3":"status-publish","4":"has-post-thumbnail","6":"product_cat-calentadores","8":"first","9":"instock","10":"shipping-taxable","11":"purchasable","12":"product-type-simple"},"jetpack_sharing_enabled":true,"_links":{"self":[{"href":"https:\/\/yomas-electrodomesticos.com\/index.php\/wp-json\/wp\/v2\/product\/2649","targetHints":{"allow":["GET"]}}],"collection":[{"href":"https:\/\/yomas-electrodomesticos.com\/index.php\/wp-json\/wp\/v2\/product"}],"about":[{"href":"https:\/\/yomas-electrodomesticos.com\/index.php\/wp-json\/wp\/v2\/types\/product"}],"replies":[{"embeddable":true,"href":"https:\/\/yomas-electrodomesticos.com\/index.php\/wp-json\/wp\/v2\/comments?post=2649"}],"version-history":[{"count":1,"href":"https:\/\/yomas-electrodomesticos.com\/index.php\/wp-json\/wp\/v2\/product\/2649\/revisions"}],"predecessor-version":[{"id":2742,"href":"https:\/\/yomas-electrodomesticos.com\/index.php\/wp-json\/wp\/v2\/product\/2649\/revisions\/2742"}],"wp:featuredmedia":[{"embeddable":true,"href":"https:\/\/yomas-electrodomesticos.com\/index.php\/wp-json\/wp\/v2\/media\/2741"}],"wp:attachment":[{"href":"https:\/\/yomas-electrodomesticos.com\/index.php\/wp-json\/wp\/v2\/media?parent=2649"}],"wp:term":[{"taxonomy":"product_brand","embeddable":true,"href":"https:\/\/yomas-electrodomesticos.com\/index.php\/wp-json\/wp\/v2\/product_brand?post=2649"},{"taxonomy":"product_cat","embeddable":true,"href":"https:\/\/yomas-electrodomesticos.com\/index.php\/wp-json\/wp\/v2\/product_cat?post=2649"},{"taxonomy":"product_tag","embeddable":true,"href":"https:\/\/yomas-electrodomesticos.com\/index.php\/wp-json\/wp\/v2\/product_tag?post=2649"}],"curies":[{"name":"wp","href":"https:\/\/api.w.org\/{rel}","templated":true}]}}