{"id":2917,"date":"2025-07-09T11:15:57","date_gmt":"2025-07-09T09:15:57","guid":{"rendered":"https:\/\/yomas-electrodomesticos.com\/?post_type=product&#038;p=2917"},"modified":"2025-07-09T11:16:23","modified_gmt":"2025-07-09T09:16:23","slug":"estufa-de-pellets-modular-invicta-adrano-2","status":"publish","type":"product","link":"https:\/\/yomas-electrodomesticos.com\/index.php\/producto\/estufa-de-pellets-modular-invicta-adrano-2\/","title":{"rendered":"Estufa de pellets modular INVICTA Adrano"},"content":{"rendered":"<p>Informaci\u00f3n General del producto<br \/>\nMarca INVICTA<br \/>\nNombre del producto INVICTA Adrano Modular pellet stove 3.1 to<br \/>\nCategor\u00eda ESTUFA DE PELLETS-PELLETS<br \/>\nGeneral<br \/>\nTipo de producto Estufa de pellets<br \/>\nPellets de Combustible<br \/>\nADRANO Modelos de 7 6409-98<br \/>\nColor (es) Gris<br \/>\nDescripci\u00f3n Estufa de pellets-potencia \u00f3ptima 7 kw,<br \/>\nmodulaci\u00f3n de potencia de 3,1 a 7,3 kW.<br \/>\nCapacidad de la tolva 15 kg,<br \/>\nPellets \u00d8 6 \u00b1 1 mm x 31,5 mm a 40 mm.<br \/>\nDi\u00e1metro de la boquilla 80 mm, conexi\u00f3n trasera a 140 mm, carga superior,<br \/>\nDimensi\u00f3n H 950 x An 470 x P 520 mm,<br \/>\nM\u00e1s producto Green Flame 7 *<br \/>\nETIQUETA ECOL\u00d3GICA A+<br \/>\nElegible para cr\u00e9dito fiscal<br \/>\nPrim Energie<br \/>\nInformaci\u00f3n del producto<br \/>\nVolumen calentado De 30 a 90 m2<br \/>\no<br \/>\nDe 75 a 225 m3<br \/>\nEvacuaci\u00f3n Trasera<br \/>\nNorma Aprobada de Seguridad EN 14785<br \/>\nEvacuaci\u00f3n de humo trasera<br \/>\nEstufa de pellets<br \/>\nCarga de pellets En<br \/>\nCapacidad de la tolva capacidad de la Tolva 15kg<br \/>\nPellets de madera natural Pellets de madera natural: longitud: 30 mm di\u00e1metro: 6 mm<br \/>\nCaracter\u00edsticas t\u00e9cnicas<br \/>\nPotencia t\u00e9rmica 7 kW<br \/>\nRendimiento Rendimiento &gt; 87 %<br \/>\n\u00cdndice de rendimiento: 0.1<br \/>\nEmisiones de CO2 Tasa de CO: 0.02 a 0.04%<br \/>\nProgramaci\u00f3n Programable<br \/>\nSalida del humo trasero<br \/>\nDuraci\u00f3n de la bater\u00eda 21 horas<br \/>\nConsumo Consumo: 0,71 a 1,72 kg \/ h<\/p>\n","protected":false},"excerpt":{"rendered":"<p>Estufa de pellets, potencia \u00f3ptima 7kw, modulaci\u00f3n de potencia 3,1 a 7,3 kW, capacidad de la tolva 15 kg, pellets \u00d8 6 \u00b1 1 mm x 31,5 mm a 40 mm, di\u00e1metro de la boquilla 80 mm, conexi\u00f3n trasera a 140 mm, carga superior, dimensi\u00f3n H 950 x An 470 x D 520 mm<\/p>\n","protected":false},"featured_media":3036,"comment_status":"open","ping_status":"closed","template":"","meta":[],"product_brand":[],"product_cat":[82],"product_tag":[],"class_list":{"0":"post-2917","1":"product","2":"type-product","3":"status-publish","4":"has-post-thumbnail","6":"product_cat-estufa-de-pellets","8":"first","9":"instock","10":"sale","11":"shipping-taxable","12":"purchasable","13":"product-type-simple"},"jetpack_sharing_enabled":true,"_links":{"self":[{"href":"https:\/\/yomas-electrodomesticos.com\/index.php\/wp-json\/wp\/v2\/product\/2917","targetHints":{"allow":["GET"]}}],"collection":[{"href":"https:\/\/yomas-electrodomesticos.com\/index.php\/wp-json\/wp\/v2\/product"}],"about":[{"href":"https:\/\/yomas-electrodomesticos.com\/index.php\/wp-json\/wp\/v2\/types\/product"}],"replies":[{"embeddable":true,"href":"https:\/\/yomas-electrodomesticos.com\/index.php\/wp-json\/wp\/v2\/comments?post=2917"}],"version-history":[{"count":1,"href":"https:\/\/yomas-electrodomesticos.com\/index.php\/wp-json\/wp\/v2\/product\/2917\/revisions"}],"predecessor-version":[{"id":3037,"href":"https:\/\/yomas-electrodomesticos.com\/index.php\/wp-json\/wp\/v2\/product\/2917\/revisions\/3037"}],"wp:featuredmedia":[{"embeddable":true,"href":"https:\/\/yomas-electrodomesticos.com\/index.php\/wp-json\/wp\/v2\/media\/3036"}],"wp:attachment":[{"href":"https:\/\/yomas-electrodomesticos.com\/index.php\/wp-json\/wp\/v2\/media?parent=2917"}],"wp:term":[{"taxonomy":"product_brand","embeddable":true,"href":"https:\/\/yomas-electrodomesticos.com\/index.php\/wp-json\/wp\/v2\/product_brand?post=2917"},{"taxonomy":"product_cat","embeddable":true,"href":"https:\/\/yomas-electrodomesticos.com\/index.php\/wp-json\/wp\/v2\/product_cat?post=2917"},{"taxonomy":"product_tag","embeddable":true,"href":"https:\/\/yomas-electrodomesticos.com\/index.php\/wp-json\/wp\/v2\/product_tag?post=2917"}],"curies":[{"name":"wp","href":"https:\/\/api.w.org\/{rel}","templated":true}]}}

<p>Información General del producto<br />
Marca INVICTA<br />
Nombre del producto INVICTA Adrano Modular pellet stove 3.1 to<br />
Categoría ESTUFA DE PELLETS-PELLETS<br />
General<br />
Tipo de producto Estufa de pellets<br />
Pellets de Combustible<br />
ADRANO Modelos de 7 6409-98<br />
Color (es) Gris<br />
Descripción Estufa de pellets-potencia óptima 7 kw,<br />
modulación de potencia de 3,1 a 7,3 kW.<br />
Capacidad de la tolva 15 kg,<br />
Pellets Ø 6 ± 1 mm x 31,5 mm a 40 mm.<br />
Diámetro de la boquilla 80 mm, conexión trasera a 140 mm, carga superior,<br />
Dimensión H 950 x An 470 x P 520 mm,<br />
Más producto Green Flame 7 *<br />
ETIQUETA ECOLÓGICA A+<br />
Elegible para crédito fiscal<br />
Prim Energie<br />
Información del producto<br />
Volumen calentado De 30 a 90 m2<br />
o<br />
De 75 a 225 m3<br />
Evacuación Trasera<br />
Norma Aprobada de Seguridad EN 14785<br />
Evacuación de humo trasera<br />
Estufa de pellets<br />
Carga de pellets En<br />
Capacidad de la tolva capacidad de la Tolva 15kg<br />
Pellets de madera natural Pellets de madera natural: longitud: 30 mm diámetro: 6 mm<br />
Características técnicas<br />
Potencia térmica 7 kW<br />
Rendimiento Rendimiento &gt; 87 %<br />
Índice de rendimiento: 0.1<br />
Emisiones de CO2 Tasa de CO: 0.02 a 0.04%<br />
Programación Programable<br />
Salida del humo trasero<br />
Duración de la batería 21 horas<br />
Consumo Consumo: 0,71 a 1,72 kg / h</p>

<p>Estufa de pellets, potencia óptima 7kw, modulación de potencia 3,1 a 7,3 kW, capacidad de la tolva 15 kg, pellets Ø 6 ± 1 mm x 31,5 mm a 40 mm, diámetro de la boquilla 80 mm, conexión trasera a 140 mm, carga superior, dimensión H 950 x An 470 x D 520 mm</p>
