{"id":3016,"date":"2025-07-09T11:16:20","date_gmt":"2025-07-09T09:16:20","guid":{"rendered":"https:\/\/yomas-electrodomesticos.com\/?post_type=product&#038;p=3016"},"modified":"2025-07-09T11:16:31","modified_gmt":"2025-07-09T09:16:31","slug":"estufa-de-pellets-sara-135-kw","status":"publish","type":"product","link":"https:\/\/yomas-electrodomesticos.com\/index.php\/producto\/estufa-de-pellets-sara-135-kw\/","title":{"rendered":"ESTUFA DE PELLETS SARA \u2013 13,5 KW"},"content":{"rendered":"<table role=\"grid\">\n<tbody id=\"form1:j_idt380_data\" class=\"ui-datatable-data ui-widget-content\">\n<tr class=\"ui-widget-content ui-datatable-even\" data-ri=\"0\">\n<td class=\"text-xl\" role=\"gridcell\">Capacidad<\/td>\n<td class=\"text-xl\" role=\"gridcell\">15 kg<\/td>\n<\/tr>\n<tr class=\"ui-widget-content ui-datatable-odd\" data-ri=\"1\">\n<td class=\"text-xl\" role=\"gridcell\">Clasificaci\u00f3n<\/td>\n<td class=\"text-xl\" role=\"gridcell\">A+<\/td>\n<\/tr>\n<tr class=\"ui-widget-content ui-datatable-even\" data-ri=\"2\">\n<td class=\"text-xl\" role=\"gridcell\">Color<\/td>\n<td class=\"text-xl\" role=\"gridcell\">Burdeos<\/td>\n<\/tr>\n<tr class=\"ui-widget-content ui-datatable-odd\" data-ri=\"3\">\n<td class=\"text-xl\" role=\"gridcell\">Consumo de pellets<\/td>\n<td class=\"text-xl\" role=\"gridcell\">0,9-2,9 kg\/h<\/td>\n<\/tr>\n<tr class=\"ui-widget-content ui-datatable-even\" data-ri=\"4\">\n<td class=\"text-xl\" role=\"gridcell\"><\/td>\n<td class=\"text-xl\" role=\"gridcell\"><\/td>\n<\/tr>\n<tr class=\"ui-widget-content ui-datatable-odd\" data-ri=\"5\">\n<td class=\"text-xl\" role=\"gridcell\">Dimensiones<\/td>\n<td class=\"text-xl\" role=\"gridcell\">47\u00d755,4\u00d799 cm<\/td>\n<\/tr>\n<tr class=\"ui-widget-content ui-datatable-even\" data-ri=\"6\">\n<td class=\"text-xl\" role=\"gridcell\">Marca<\/td>\n<td class=\"text-xl\" role=\"gridcell\">FABRILOR<\/td>\n<\/tr>\n<tr class=\"ui-widget-content ui-datatable-odd\" data-ri=\"7\">\n<td class=\"text-xl\" role=\"gridcell\">Peso<\/td>\n<td class=\"text-xl\" role=\"gridcell\">91 kg<\/td>\n<\/tr>\n<tr class=\"ui-widget-content ui-datatable-even\" data-ri=\"8\">\n<td class=\"text-xl\" role=\"gridcell\">Potencia<\/td>\n<td class=\"text-xl\" role=\"gridcell\">13,5 kW<\/td>\n<\/tr>\n<tr class=\"ui-widget-content ui-datatable-odd\" data-ri=\"9\">\n<td class=\"text-xl\" role=\"gridcell\">Rendimiento<\/td>\n<td class=\"text-xl\" role=\"gridcell\">93,5 %<\/td>\n<\/tr>\n<tr class=\"ui-widget-content ui-datatable-even\" data-ri=\"10\">\n<td class=\"text-xl\" role=\"gridcell\">Superficie<\/td>\n<td class=\"text-xl\" role=\"gridcell\">250-320 m\u00b3<\/td>\n<\/tr>\n<\/tbody>\n<\/table>\n","protected":false},"excerpt":{"rendered":"<p>Estufa de le\u00f1a, modelo 400 Oslo EcoDesign, de triple combusti\u00f3n. Incorpora puerta de fundici\u00f3n, c\u00e1mara con vermiculita refractaria, sistema de limpieza de cristal y doble c\u00e1mara de acero con un espesor de 3 mm. Esta estufa presenta una potencia m\u00e1xima de 15,9 kW (nominal 6,8 kW), carga m\u00e1xima de 3,5 kg, rendimiento del 78% y salida vertical de humos.<\/p>\n","protected":false},"featured_media":3077,"comment_status":"open","ping_status":"closed","template":"","meta":[],"product_brand":[],"product_cat":[82],"product_tag":[],"class_list":{"0":"post-3016","1":"product","2":"type-product","3":"status-publish","4":"has-post-thumbnail","6":"product_cat-estufa-de-pellets","8":"first","9":"instock","10":"sale","11":"shipping-taxable","12":"purchasable","13":"product-type-simple"},"jetpack_sharing_enabled":true,"_links":{"self":[{"href":"https:\/\/yomas-electrodomesticos.com\/index.php\/wp-json\/wp\/v2\/product\/3016","targetHints":{"allow":["GET"]}}],"collection":[{"href":"https:\/\/yomas-electrodomesticos.com\/index.php\/wp-json\/wp\/v2\/product"}],"about":[{"href":"https:\/\/yomas-electrodomesticos.com\/index.php\/wp-json\/wp\/v2\/types\/product"}],"replies":[{"embeddable":true,"href":"https:\/\/yomas-electrodomesticos.com\/index.php\/wp-json\/wp\/v2\/comments?post=3016"}],"version-history":[{"count":1,"href":"https:\/\/yomas-electrodomesticos.com\/index.php\/wp-json\/wp\/v2\/product\/3016\/revisions"}],"predecessor-version":[{"id":3078,"href":"https:\/\/yomas-electrodomesticos.com\/index.php\/wp-json\/wp\/v2\/product\/3016\/revisions\/3078"}],"wp:featuredmedia":[{"embeddable":true,"href":"https:\/\/yomas-electrodomesticos.com\/index.php\/wp-json\/wp\/v2\/media\/3077"}],"wp:attachment":[{"href":"https:\/\/yomas-electrodomesticos.com\/index.php\/wp-json\/wp\/v2\/media?parent=3016"}],"wp:term":[{"taxonomy":"product_brand","embeddable":true,"href":"https:\/\/yomas-electrodomesticos.com\/index.php\/wp-json\/wp\/v2\/product_brand?post=3016"},{"taxonomy":"product_cat","embeddable":true,"href":"https:\/\/yomas-electrodomesticos.com\/index.php\/wp-json\/wp\/v2\/product_cat?post=3016"},{"taxonomy":"product_tag","embeddable":true,"href":"https:\/\/yomas-electrodomesticos.com\/index.php\/wp-json\/wp\/v2\/product_tag?post=3016"}],"curies":[{"name":"wp","href":"https:\/\/api.w.org\/{rel}","templated":true}]}}