{"id":4954,"date":"2025-07-16T06:01:10","date_gmt":"2025-07-16T04:01:10","guid":{"rendered":"https:\/\/yomas-electrodomesticos.com\/?post_type=product&#038;p=4954"},"modified":"2025-07-16T06:01:39","modified_gmt":"2025-07-16T04:01:39","slug":"sillon-danout","status":"publish","type":"product","link":"https:\/\/yomas-electrodomesticos.com\/index.php\/producto\/sillon-danout\/","title":{"rendered":"SILL\u00d3N DANOUT"},"content":{"rendered":"<div class=\"title\">\n<p>Detalles del producto<\/p>\n<\/div>\n<div id=\"productdaas-accordion-details\" class=\"content\">\n<div class=\"mt-4 mb-3\">\n<div id=\"product-details\" class=\"clearfix js-product-details\" data-product=\"{&quot;id_shop_default&quot;:&quot;1&quot;,&quot;id_manufacturer&quot;:&quot;49&quot;,&quot;id_supplier&quot;:&quot;132&quot;,&quot;reference&quot;:&quot;20015472&quot;,&quot;is_virtual&quot;:&quot;0&quot;,&quot;delivery_in_stock&quot;:&quot;&quot;,&quot;delivery_out_stock&quot;:&quot;&quot;,&quot;id_category_default&quot;:&quot;53&quot;,&quot;on_sale&quot;:&quot;0&quot;,&quot;online_only&quot;:&quot;0&quot;,&quot;ecotax&quot;:0,&quot;minimal_quantity&quot;:&quot;1&quot;,&quot;low_stock_threshold&quot;:&quot;0&quot;,&quot;low_stock_alert&quot;:&quot;0&quot;,&quot;price&quot;:&quot;366,08u00a0u20ac&quot;,&quot;unity&quot;:&quot;&quot;,&quot;unit_price_ratio&quot;:&quot;0.000000&quot;,&quot;additional_shipping_cost&quot;:&quot;0.000000&quot;,&quot;customizable&quot;:&quot;0&quot;,&quot;text_fields&quot;:&quot;0&quot;,&quot;uploadable_files&quot;:&quot;0&quot;,&quot;redirect_type&quot;:&quot;404&quot;,&quot;id_type_redirected&quot;:&quot;0&quot;,&quot;available_for_order&quot;:&quot;1&quot;,&quot;available_date&quot;:&quot;2025-08-11&quot;,&quot;show_condition&quot;:&quot;1&quot;,&quot;condition&quot;:&quot;new&quot;,&quot;show_price&quot;:&quot;1&quot;,&quot;indexed&quot;:&quot;1&quot;,&quot;visibility&quot;:&quot;both&quot;,&quot;cache_default_attribute&quot;:&quot;0&quot;,&quot;advanced_stock_management&quot;:&quot;0&quot;,&quot;date_add&quot;:&quot;2025-04-28 02:02:23&quot;,&quot;date_upd&quot;:&quot;2025-07-03 11:28:46&quot;,&quot;pack_stock_type&quot;:&quot;3&quot;,&quot;meta_description&quot;:&quot;&quot;,&quot;meta_keywords&quot;:&quot;&quot;,&quot;meta_title&quot;:&quot;&quot;,&quot;link_rewrite&quot;:&quot;sill-n-danout&quot;,&quot;name&quot;:&quot;SILLu00d3N DANOUT&quot;,&quot;description&quot;:&quot;&quot;,&quot;description_short&quot;:&quot;&lt;p style=&quot;text-align: justify;&quot;&gt;Sillu00f3n Danout fabricado en &lt;strong&gt;madera maciza de teca y ratu00e1n&lt;\/strong&gt; ideal tanto para &lt;strong&gt;interiores&lt;\/strong&gt; como para &lt;strong&gt;exteriores&lt;\/strong&gt;. Este sillu00f3nu00a0de diseu00f1o moderno es la pieza ideal para au00f1adir un toque natural a la decoraciu00f3n.u00a0&lt;\/p&gt;&quot;,&quot;available_now&quot;:&quot;Entrega estimada en 10\/15 du00edas laborables&quot;,&quot;available_later&quot;:&quot;Entrega estimada en 10\/15 du00edas laborables&quot;,&quot;id&quot;:44712,&quot;id_product&quot;:44712,&quot;out_of_stock&quot;:1,&quot;new&quot;:0,&quot;id_product_attribute&quot;:&quot;0&quot;,&quot;quantity_wanted&quot;:1,&quot;extraContent&quot;:[],&quot;allow_oosp&quot;:1,&quot;category&quot;:&quot;sillones-modernos-de-diseno&quot;,&quot;category_name&quot;:&quot;Sillones modernos de diseu00f1o&quot;,&quot;link&quot;:&quot;https:\/\/trendshome.es\/sillones-modernos-de-diseno\/44712-sill-n-danout.html&quot;,&quot;attribute_price&quot;:0,&quot;price_tax_exc&quot;:302.545454,&quot;price_without_reduction&quot;:457.6,&quot;reduction&quot;:91.52,&quot;specific_prices&quot;:{&quot;id_specific_price&quot;:&quot;10230947&quot;,&quot;id_specific_price_rule&quot;:&quot;0&quot;,&quot;id_cart&quot;:&quot;0&quot;,&quot;id_product&quot;:&quot;44712&quot;,&quot;id_shop&quot;:&quot;1&quot;,&quot;id_shop_group&quot;:&quot;0&quot;,&quot;id_currency&quot;:&quot;0&quot;,&quot;id_country&quot;:&quot;0&quot;,&quot;id_group&quot;:&quot;0&quot;,&quot;id_customer&quot;:&quot;0&quot;,&quot;id_product_attribute&quot;:&quot;0&quot;,&quot;price&quot;:&quot;-1.000000&quot;,&quot;from_quantity&quot;:&quot;1&quot;,&quot;reduction&quot;:&quot;0.200000&quot;,&quot;reduction_tax&quot;:&quot;1&quot;,&quot;reduction_type&quot;:&quot;percentage&quot;,&quot;from&quot;:&quot;2025-07-01 00:00:00&quot;,&quot;to&quot;:&quot;2025-08-31 23:59:00&quot;,&quot;score&quot;:&quot;48&quot;},&quot;quantity&quot;:2,&quot;quantity_all_versions&quot;:2,&quot;id_image&quot;:&quot;es-default&quot;,&quot;features&quot;:[{&quot;name&quot;:&quot;Alto&quot;,&quot;value&quot;:&quot;75 cm&quot;,&quot;id_feature&quot;:&quot;1&quot;,&quot;position&quot;:&quot;12&quot;},{&quot;name&quot;:&quot;Largo&quot;,&quot;value&quot;:&quot;74 cm&quot;,&quot;id_feature&quot;:&quot;13&quot;,&quot;position&quot;:&quot;14&quot;},{&quot;name&quot;:&quot;Anchura&quot;,&quot;value&quot;:&quot;78 cm&quot;,&quot;id_feature&quot;:&quot;2&quot;,&quot;position&quot;:&quot;16&quot;},{&quot;name&quot;:&quot;Material&quot;,&quot;value&quot;:&quot;Madera de teca mazica y ratu00e1n&quot;,&quot;id_feature&quot;:&quot;5&quot;,&quot;position&quot;:&quot;24&quot;},{&quot;name&quot;:&quot;Propiedades&quot;,&quot;value&quot;:&quot;Para uso en interiores y exteriores&quot;,&quot;id_feature&quot;:&quot;7&quot;,&quot;position&quot;:&quot;27&quot;},{&quot;name&quot;:&quot;Referencia del proveedor&quot;,&quot;value&quot;:&quot;984-DANOUT&quot;,&quot;id_feature&quot;:&quot;10&quot;,&quot;position&quot;:&quot;28&quot;},{&quot;name&quot;:&quot;Requiere montaje&quot;,&quot;value&quot;:&quot;No&quot;,&quot;id_feature&quot;:&quot;15&quot;,&quot;position&quot;:&quot;30&quot;}],&quot;attachments&quot;:[],&quot;virtual&quot;:0,&quot;pack&quot;:0,&quot;packItems&quot;:[],&quot;nopackprice&quot;:0,&quot;customization_required&quot;:false,&quot;rate&quot;:21,&quot;tax_name&quot;:&quot;IVA ES 21%&quot;,&quot;ecotax_rate&quot;:0,&quot;unit_price&quot;:&quot;&quot;,&quot;customizations&quot;:{&quot;fields&quot;:[]},&quot;id_customization&quot;:0,&quot;is_customizable&quot;:false,&quot;show_quantities&quot;:false,&quot;quantity_label&quot;:&quot;Artu00edculos&quot;,&quot;quantity_discounts&quot;:[],&quot;customer_group_discount&quot;:0,&quot;images&quot;:[{&quot;bySize&quot;:{&quot;small_default&quot;:{&quot;url&quot;:&quot;https:\/\/trendshome.es\/16455-small_default\/sill-n-danout.jpg&quot;,&quot;width&quot;:127,&quot;height&quot;:127},&quot;cart_default&quot;:{&quot;url&quot;:&quot;https:\/\/trendshome.es\/16455-cart_default\/sill-n-danout.jpg&quot;,&quot;width&quot;:162,&quot;height&quot;:162},&quot;home_default&quot;:{&quot;url&quot;:&quot;https:\/\/trendshome.es\/16455-home_default\/sill-n-danout.jpg&quot;,&quot;width&quot;:450,&quot;height&quot;:565},&quot;medium_default&quot;:{&quot;url&quot;:&quot;https:\/\/trendshome.es\/16455-medium_default\/sill-n-danout.jpg&quot;,&quot;width&quot;:579,&quot;height&quot;:579},&quot;big_default&quot;:{&quot;url&quot;:&quot;https:\/\/trendshome.es\/16455-big_default\/sill-n-danout.jpg&quot;,&quot;width&quot;:568,&quot;height&quot;:649},&quot;large_default_2x&quot;:{&quot;url&quot;:&quot;https:\/\/trendshome.es\/16455-large_default_2x\/sill-n-danout.jpg&quot;,&quot;width&quot;:700,&quot;height&quot;:800},&quot;large_default&quot;:{&quot;url&quot;:&quot;https:\/\/trendshome.es\/16455-large_default\/sill-n-danout.jpg&quot;,&quot;width&quot;:790,&quot;height&quot;:790},&quot;thickbox_default&quot;:{&quot;url&quot;:&quot;https:\/\/trendshome.es\/16455-thickbox_default\/sill-n-danout.jpg&quot;,&quot;width&quot;:1422,&quot;height&quot;:1422}},&quot;small&quot;:{&quot;url&quot;:&quot;https:\/\/trendshome.es\/16455-small_default\/sill-n-danout.jpg&quot;,&quot;width&quot;:127,&quot;height&quot;:127},&quot;medium&quot;:{&quot;url&quot;:&quot;https:\/\/trendshome.es\/16455-big_default\/sill-n-danout.jpg&quot;,&quot;width&quot;:568,&quot;height&quot;:649},&quot;large&quot;:{&quot;url&quot;:&quot;https:\/\/trendshome.es\/16455-thickbox_default\/sill-n-danout.jpg&quot;,&quot;width&quot;:1422,&quot;height&quot;:1422},&quot;legend&quot;:&quot;SILLu00d3N DANOUT&quot;,&quot;id_image&quot;:&quot;16455&quot;,&quot;cover&quot;:&quot;1&quot;,&quot;position&quot;:&quot;1&quot;,&quot;associatedVariants&quot;:[]},{&quot;bySize&quot;:{&quot;small_default&quot;:{&quot;url&quot;:&quot;https:\/\/trendshome.es\/100056-small_default\/sill-n-danout.jpg&quot;,&quot;width&quot;:127,&quot;height&quot;:127},&quot;cart_default&quot;:{&quot;url&quot;:&quot;https:\/\/trendshome.es\/100056-cart_default\/sill-n-danout.jpg&quot;,&quot;width&quot;:162,&quot;height&quot;:162},&quot;home_default&quot;:{&quot;url&quot;:&quot;https:\/\/trendshome.es\/100056-home_default\/sill-n-danout.jpg&quot;,&quot;width&quot;:450,&quot;height&quot;:565},&quot;medium_default&quot;:{&quot;url&quot;:&quot;https:\/\/trendshome.es\/100056-medium_default\/sill-n-danout.jpg&quot;,&quot;width&quot;:579,&quot;height&quot;:579},&quot;big_default&quot;:{&quot;url&quot;:&quot;https:\/\/trendshome.es\/100056-big_default\/sill-n-danout.jpg&quot;,&quot;width&quot;:568,&quot;height&quot;:649},&quot;large_default_2x&quot;:{&quot;url&quot;:&quot;https:\/\/trendshome.es\/100056-large_default_2x\/sill-n-danout.jpg&quot;,&quot;width&quot;:700,&quot;height&quot;:800},&quot;large_default&quot;:{&quot;url&quot;:&quot;https:\/\/trendshome.es\/100056-large_default\/sill-n-danout.jpg&quot;,&quot;width&quot;:790,&quot;height&quot;:790},&quot;thickbox_default&quot;:{&quot;url&quot;:&quot;https:\/\/trendshome.es\/100056-thickbox_default\/sill-n-danout.jpg&quot;,&quot;width&quot;:1422,&quot;height&quot;:1422}},&quot;small&quot;:{&quot;url&quot;:&quot;https:\/\/trendshome.es\/100056-small_default\/sill-n-danout.jpg&quot;,&quot;width&quot;:127,&quot;height&quot;:127},&quot;medium&quot;:{&quot;url&quot;:&quot;https:\/\/trendshome.es\/100056-big_default\/sill-n-danout.jpg&quot;,&quot;width&quot;:568,&quot;height&quot;:649},&quot;large&quot;:{&quot;url&quot;:&quot;https:\/\/trendshome.es\/100056-thickbox_default\/sill-n-danout.jpg&quot;,&quot;width&quot;:1422,&quot;height&quot;:1422},&quot;legend&quot;:&quot;&quot;,&quot;id_image&quot;:&quot;100056&quot;,&quot;cover&quot;:null,&quot;position&quot;:&quot;2&quot;,&quot;associatedVariants&quot;:[]},{&quot;bySize&quot;:{&quot;small_default&quot;:{&quot;url&quot;:&quot;https:\/\/trendshome.es\/100054-small_default\/sill-n-danout.jpg&quot;,&quot;width&quot;:127,&quot;height&quot;:127},&quot;cart_default&quot;:{&quot;url&quot;:&quot;https:\/\/trendshome.es\/100054-cart_default\/sill-n-danout.jpg&quot;,&quot;width&quot;:162,&quot;height&quot;:162},&quot;home_default&quot;:{&quot;url&quot;:&quot;https:\/\/trendshome.es\/100054-home_default\/sill-n-danout.jpg&quot;,&quot;width&quot;:450,&quot;height&quot;:565},&quot;medium_default&quot;:{&quot;url&quot;:&quot;https:\/\/trendshome.es\/100054-medium_default\/sill-n-danout.jpg&quot;,&quot;width&quot;:579,&quot;height&quot;:579},&quot;big_default&quot;:{&quot;url&quot;:&quot;https:\/\/trendshome.es\/100054-big_default\/sill-n-danout.jpg&quot;,&quot;width&quot;:568,&quot;height&quot;:649},&quot;large_default_2x&quot;:{&quot;url&quot;:&quot;https:\/\/trendshome.es\/100054-large_default_2x\/sill-n-danout.jpg&quot;,&quot;width&quot;:700,&quot;height&quot;:800},&quot;large_default&quot;:{&quot;url&quot;:&quot;https:\/\/trendshome.es\/100054-large_default\/sill-n-danout.jpg&quot;,&quot;width&quot;:790,&quot;height&quot;:790},&quot;thickbox_default&quot;:{&quot;url&quot;:&quot;https:\/\/trendshome.es\/100054-thickbox_default\/sill-n-danout.jpg&quot;,&quot;width&quot;:1422,&quot;height&quot;:1422}},&quot;small&quot;:{&quot;url&quot;:&quot;https:\/\/trendshome.es\/100054-small_default\/sill-n-danout.jpg&quot;,&quot;width&quot;:127,&quot;height&quot;:127},&quot;medium&quot;:{&quot;url&quot;:&quot;https:\/\/trendshome.es\/100054-big_default\/sill-n-danout.jpg&quot;,&quot;width&quot;:568,&quot;height&quot;:649},&quot;large&quot;:{&quot;url&quot;:&quot;https:\/\/trendshome.es\/100054-thickbox_default\/sill-n-danout.jpg&quot;,&quot;width&quot;:1422,&quot;height&quot;:1422},&quot;legend&quot;:&quot;&quot;,&quot;id_image&quot;:&quot;100054&quot;,&quot;cover&quot;:null,&quot;position&quot;:&quot;3&quot;,&quot;associatedVariants&quot;:[]},{&quot;bySize&quot;:{&quot;small_default&quot;:{&quot;url&quot;:&quot;https:\/\/trendshome.es\/100055-small_default\/sill-n-danout.jpg&quot;,&quot;width&quot;:127,&quot;height&quot;:127},&quot;cart_default&quot;:{&quot;url&quot;:&quot;https:\/\/trendshome.es\/100055-cart_default\/sill-n-danout.jpg&quot;,&quot;width&quot;:162,&quot;height&quot;:162},&quot;home_default&quot;:{&quot;url&quot;:&quot;https:\/\/trendshome.es\/100055-home_default\/sill-n-danout.jpg&quot;,&quot;width&quot;:450,&quot;height&quot;:565},&quot;medium_default&quot;:{&quot;url&quot;:&quot;https:\/\/trendshome.es\/100055-medium_default\/sill-n-danout.jpg&quot;,&quot;width&quot;:579,&quot;height&quot;:579},&quot;big_default&quot;:{&quot;url&quot;:&quot;https:\/\/trendshome.es\/100055-big_default\/sill-n-danout.jpg&quot;,&quot;width&quot;:568,&quot;height&quot;:649},&quot;large_default_2x&quot;:{&quot;url&quot;:&quot;https:\/\/trendshome.es\/100055-large_default_2x\/sill-n-danout.jpg&quot;,&quot;width&quot;:700,&quot;height&quot;:800},&quot;large_default&quot;:{&quot;url&quot;:&quot;https:\/\/trendshome.es\/100055-large_default\/sill-n-danout.jpg&quot;,&quot;width&quot;:790,&quot;height&quot;:790},&quot;thickbox_default&quot;:{&quot;url&quot;:&quot;https:\/\/trendshome.es\/100055-thickbox_default\/sill-n-danout.jpg&quot;,&quot;width&quot;:1422,&quot;height&quot;:1422}},&quot;small&quot;:{&quot;url&quot;:&quot;https:\/\/trendshome.es\/100055-small_default\/sill-n-danout.jpg&quot;,&quot;width&quot;:127,&quot;height&quot;:127},&quot;medium&quot;:{&quot;url&quot;:&quot;https:\/\/trendshome.es\/100055-big_default\/sill-n-danout.jpg&quot;,&quot;width&quot;:568,&quot;height&quot;:649},&quot;large&quot;:{&quot;url&quot;:&quot;https:\/\/trendshome.es\/100055-thickbox_default\/sill-n-danout.jpg&quot;,&quot;width&quot;:1422,&quot;height&quot;:1422},&quot;legend&quot;:&quot;&quot;,&quot;id_image&quot;:&quot;100055&quot;,&quot;cover&quot;:null,&quot;position&quot;:&quot;4&quot;,&quot;associatedVariants&quot;:[]}],&quot;cover&quot;:{&quot;bySize&quot;:{&quot;small_default&quot;:{&quot;url&quot;:&quot;https:\/\/trendshome.es\/16455-small_default\/sill-n-danout.jpg&quot;,&quot;width&quot;:127,&quot;height&quot;:127},&quot;cart_default&quot;:{&quot;url&quot;:&quot;https:\/\/trendshome.es\/16455-cart_default\/sill-n-danout.jpg&quot;,&quot;width&quot;:162,&quot;height&quot;:162},&quot;home_default&quot;:{&quot;url&quot;:&quot;https:\/\/trendshome.es\/16455-home_default\/sill-n-danout.jpg&quot;,&quot;width&quot;:450,&quot;height&quot;:565},&quot;medium_default&quot;:{&quot;url&quot;:&quot;https:\/\/trendshome.es\/16455-medium_default\/sill-n-danout.jpg&quot;,&quot;width&quot;:579,&quot;height&quot;:579},&quot;big_default&quot;:{&quot;url&quot;:&quot;https:\/\/trendshome.es\/16455-big_default\/sill-n-danout.jpg&quot;,&quot;width&quot;:568,&quot;height&quot;:649},&quot;large_default_2x&quot;:{&quot;url&quot;:&quot;https:\/\/trendshome.es\/16455-large_default_2x\/sill-n-danout.jpg&quot;,&quot;width&quot;:700,&quot;height&quot;:800},&quot;large_default&quot;:{&quot;url&quot;:&quot;https:\/\/trendshome.es\/16455-large_default\/sill-n-danout.jpg&quot;,&quot;width&quot;:790,&quot;height&quot;:790},&quot;thickbox_default&quot;:{&quot;url&quot;:&quot;https:\/\/trendshome.es\/16455-thickbox_default\/sill-n-danout.jpg&quot;,&quot;width&quot;:1422,&quot;height&quot;:1422}},&quot;small&quot;:{&quot;url&quot;:&quot;https:\/\/trendshome.es\/16455-small_default\/sill-n-danout.jpg&quot;,&quot;width&quot;:127,&quot;height&quot;:127},&quot;medium&quot;:{&quot;url&quot;:&quot;https:\/\/trendshome.es\/16455-big_default\/sill-n-danout.jpg&quot;,&quot;width&quot;:568,&quot;height&quot;:649},&quot;large&quot;:{&quot;url&quot;:&quot;https:\/\/trendshome.es\/16455-thickbox_default\/sill-n-danout.jpg&quot;,&quot;width&quot;:1422,&quot;height&quot;:1422},&quot;legend&quot;:&quot;SILLu00d3N DANOUT&quot;,&quot;id_image&quot;:&quot;16455&quot;,&quot;cover&quot;:&quot;1&quot;,&quot;position&quot;:&quot;1&quot;,&quot;associatedVariants&quot;:[]},&quot;has_discount&quot;:true,&quot;discount_type&quot;:&quot;percentage&quot;,&quot;discount_percentage&quot;:&quot;-20%&quot;,&quot;discount_percentage_absolute&quot;:&quot;20%&quot;,&quot;discount_amount&quot;:&quot;91,52u00a0u20ac&quot;,&quot;discount_amount_to_display&quot;:&quot;-91,52u00a0u20ac&quot;,&quot;price_amount&quot;:366.08,&quot;unit_price_full&quot;:&quot;&quot;,&quot;show_availability&quot;:true,&quot;availability_date&quot;:&quot;2025-08-11&quot;,&quot;availability_message&quot;:&quot;Entrega estimada en 10\/15 du00edas laborables&quot;,&quot;availability&quot;:&quot;available&quot;}\">\n<section class=\"product-features\">\n<dl class=\"data-sheet\">\n<dt class=\"name\">Alto<\/dt>\n<dd class=\"value\">75 cm<\/dd>\n<dt class=\"name\">Largo<\/dt>\n<dd class=\"value\">74 cm<\/dd>\n<dt class=\"name\">Anchura<\/dt>\n<dd class=\"value\">78 cm<\/dd>\n<dt class=\"name\">Material<\/dt>\n<dd class=\"value\">Madera de teca mazica y rat\u00e1n<\/dd>\n<dt class=\"name\">Propiedades<\/dt>\n<dd class=\"value\">Para uso en interiores y exteriores<\/dd>\n<dt class=\"name\">Requiere montaje<\/dt>\n<dd class=\"value\">No<\/dd>\n<\/dl>\n<\/section>\n<\/div>\n<\/div>\n<\/div>\n","protected":false},"excerpt":{"rendered":"<p>Sill\u00f3n Danout fabricado en\u00a0<strong>madera maciza de teca y rat\u00e1n<\/strong>\u00a0ideal tanto para\u00a0<strong>interiores<\/strong>\u00a0como para\u00a0<strong>exteriores<\/strong>. Este sill\u00f3n\u00a0de dise\u00f1o moderno es la pieza ideal para a\u00f1adir un toque natural a la decoraci\u00f3n.<\/p>\n","protected":false},"featured_media":5024,"comment_status":"open","ping_status":"closed","template":"","meta":[],"product_brand":[],"product_cat":[102],"product_tag":[],"class_list":{"0":"post-4954","1":"product","2":"type-product","3":"status-publish","4":"has-post-thumbnail","6":"product_cat-sofas-y-gamas","8":"first","9":"instock","10":"shipping-taxable","11":"purchasable","12":"product-type-simple"},"jetpack_sharing_enabled":true,"_links":{"self":[{"href":"https:\/\/yomas-electrodomesticos.com\/index.php\/wp-json\/wp\/v2\/product\/4954","targetHints":{"allow":["GET"]}}],"collection":[{"href":"https:\/\/yomas-electrodomesticos.com\/index.php\/wp-json\/wp\/v2\/product"}],"about":[{"href":"https:\/\/yomas-electrodomesticos.com\/index.php\/wp-json\/wp\/v2\/types\/product"}],"replies":[{"embeddable":true,"href":"https:\/\/yomas-electrodomesticos.com\/index.php\/wp-json\/wp\/v2\/comments?post=4954"}],"version-history":[{"count":1,"href":"https:\/\/yomas-electrodomesticos.com\/index.php\/wp-json\/wp\/v2\/product\/4954\/revisions"}],"predecessor-version":[{"id":5025,"href":"https:\/\/yomas-electrodomesticos.com\/index.php\/wp-json\/wp\/v2\/product\/4954\/revisions\/5025"}],"wp:featuredmedia":[{"embeddable":true,"href":"https:\/\/yomas-electrodomesticos.com\/index.php\/wp-json\/wp\/v2\/media\/5024"}],"wp:attachment":[{"href":"https:\/\/yomas-electrodomesticos.com\/index.php\/wp-json\/wp\/v2\/media?parent=4954"}],"wp:term":[{"taxonomy":"product_brand","embeddable":true,"href":"https:\/\/yomas-electrodomesticos.com\/index.php\/wp-json\/wp\/v2\/product_brand?post=4954"},{"taxonomy":"product_cat","embeddable":true,"href":"https:\/\/yomas-electrodomesticos.com\/index.php\/wp-json\/wp\/v2\/product_cat?post=4954"},{"taxonomy":"product_tag","embeddable":true,"href":"https:\/\/yomas-electrodomesticos.com\/index.php\/wp-json\/wp\/v2\/product_tag?post=4954"}],"curies":[{"name":"wp","href":"https:\/\/api.w.org\/{rel}","templated":true}]}}