{"id":6309,"date":"2025-08-27T00:53:03","date_gmt":"2025-08-26T22:53:03","guid":{"rendered":"https:\/\/yomas-electrodomesticos.com\/?post_type=product&#038;p=6309"},"modified":"2025-08-27T00:53:15","modified_gmt":"2025-08-26T22:53:15","slug":"cafetera-espresso-breville-barista-max","status":"publish","type":"product","link":"https:\/\/yomas-electrodomesticos.com\/index.php\/producto\/cafetera-espresso-breville-barista-max\/","title":{"rendered":"Cafetera Espresso Breville Barista Max"},"content":{"rendered":"<h2>Todos los aromas del caf\u00e9 reci\u00e9n molido a tu gusto<\/h2>\n<p>Los amantes del caf\u00e9 encontrar\u00e1n en esta cafetera espresso el verdadero placer del ritual completo. El molinillo integrado en la m\u00e1quina, que tambi\u00e9n es desmontable, te ofrece hasta 30 posibilidades de ajuste para que encuentres la molienda perfecta seg\u00fan el tipo de grano que quieras disfrutar.<\/p>\n<p>Con el dispensador de calor fabricado en acero inoxidable, podr\u00e1s calentar leche o agua para infusiones de manera r\u00e1pida y eficiente. Adem\u00e1s, la cafetera expresso Breville Barista Max viene con una aguja de limpieza para que puedas tenerla siempre en perfectas condiciones.<\/p>\n<p>Desde luego que el dise\u00f1o es un factor importante pero en este caso Breville a dotado a esta cafetera de todas las funciones y programas para que disfrutes de un excelente caf\u00e9 gracias a la\u00a0<strong>bomba de presi\u00f3n italiana de 15 bares<\/strong>. Esta presi\u00f3n es \u00f3ptima y te garantiza una preparaci\u00f3n bien cuidada que respetar\u00e1 todos los sabores y matices del grano.<\/p>\n<p>El porta filtro profesional de 58 mm, es compatible con todo tipo de caf\u00e9 y garantiza una extracci\u00f3n homog\u00e9nea para hacer un delicioso caf\u00e9 en casa, digno de los servidos por profesionales. Puedes hacer una o dos tazas a la vez. Disfruta de un expresso, un caf\u00e9 con leche, capuchino&#8230; todo preparado en casa y con los ingredientes que tu elijas.<\/p>\n<h2>Tecnolog\u00eda Thermobloc con tecnolog\u00eda PID<\/h2>\n<p>Con la tecnolog\u00eda Temp IQ Shot Control, este exclusivo sistema de\u00a0<strong>tres v\u00edas<\/strong>\u00a0ofrece una temperatura precisa del agua y una preparaci\u00f3n previa lenta para darle a tu caf\u00e9 un aroma\u00a0<strong>alto y equilibrado<\/strong>. Calor r\u00e1pido y homog\u00e9neo y una temperatura estable durante la preparaci\u00f3n.<\/p>\n<p>La cafetera espresso Breville te permite explotar al m\u00e1ximo el barista que llevas dentro. Gracias a la potente boquilla, podr\u00e1s preparar deliciosas especialidades a base de leche. La boquilla de leche compacta produce una micro-espuma aterciopelada que la convierte en una aliada infalible para el capuchino perfecto. La leche se calienta de forma pareja y r\u00e1pida.<\/p>\n<p>La parte exterior, la puedes limpiar con un pa\u00f1o suave y un poco de detergente. Es muy f\u00e1cil gracias al componente de la estructura de acero inoxidable.<\/p>\n","protected":false},"excerpt":{"rendered":"<ul>\n<li>Cafetera expresso con bomba italiana de\u00a0<strong>15 bares<\/strong>\u00a0de presi\u00f3n<\/li>\n<li>Dispensador de agua caliente para t\u00e9 e infusiones.<\/li>\n<li>Programas para personalizar la cantidad de caf\u00e9 (1&amp;2 shots) y para limpieza.<\/li>\n<li>Molinillo de caf\u00e9 integrado y desmontable con 30 tipos de molienda (fina-grueso)<\/li>\n<li>Sistema\u00a0<strong>Thermoblock<\/strong>\u00a0con tecnolog\u00eda PID<\/li>\n<li>Incluye jarra para leche de acero inoxidable de 350 ml<\/li>\n<li>Utensilio de limpieza inclu\u00eddo.<\/li>\n<li>Potencia: 1550 W<\/li>\n<li>Incluye prensador de caf\u00e9 para una experiencia y resultados profesionales.<\/li>\n<li>Capacidad del tanque de agua: 2.8 litros.<\/li>\n<li>Para 1 o\u00a02 tazas<\/li>\n<\/ul>\n","protected":false},"featured_media":6361,"comment_status":"open","ping_status":"closed","template":"","meta":[],"product_brand":[],"product_cat":[110],"product_tag":[],"class_list":{"0":"post-6309","1":"product","2":"type-product","3":"status-publish","4":"has-post-thumbnail","6":"product_cat-maquina-de-cafe","8":"first","9":"instock","10":"shipping-taxable","11":"purchasable","12":"product-type-simple"},"jetpack_sharing_enabled":true,"_links":{"self":[{"href":"https:\/\/yomas-electrodomesticos.com\/index.php\/wp-json\/wp\/v2\/product\/6309","targetHints":{"allow":["GET"]}}],"collection":[{"href":"https:\/\/yomas-electrodomesticos.com\/index.php\/wp-json\/wp\/v2\/product"}],"about":[{"href":"https:\/\/yomas-electrodomesticos.com\/index.php\/wp-json\/wp\/v2\/types\/product"}],"replies":[{"embeddable":true,"href":"https:\/\/yomas-electrodomesticos.com\/index.php\/wp-json\/wp\/v2\/comments?post=6309"}],"version-history":[{"count":1,"href":"https:\/\/yomas-electrodomesticos.com\/index.php\/wp-json\/wp\/v2\/product\/6309\/revisions"}],"predecessor-version":[{"id":6362,"href":"https:\/\/yomas-electrodomesticos.com\/index.php\/wp-json\/wp\/v2\/product\/6309\/revisions\/6362"}],"wp:featuredmedia":[{"embeddable":true,"href":"https:\/\/yomas-electrodomesticos.com\/index.php\/wp-json\/wp\/v2\/media\/6361"}],"wp:attachment":[{"href":"https:\/\/yomas-electrodomesticos.com\/index.php\/wp-json\/wp\/v2\/media?parent=6309"}],"wp:term":[{"taxonomy":"product_brand","embeddable":true,"href":"https:\/\/yomas-electrodomesticos.com\/index.php\/wp-json\/wp\/v2\/product_brand?post=6309"},{"taxonomy":"product_cat","embeddable":true,"href":"https:\/\/yomas-electrodomesticos.com\/index.php\/wp-json\/wp\/v2\/product_cat?post=6309"},{"taxonomy":"product_tag","embeddable":true,"href":"https:\/\/yomas-electrodomesticos.com\/index.php\/wp-json\/wp\/v2\/product_tag?post=6309"}],"curies":[{"name":"wp","href":"https:\/\/api.w.org\/{rel}","templated":true}]}}