{"id":6311,"date":"2025-08-27T00:53:03","date_gmt":"2025-08-26T22:53:03","guid":{"rendered":"https:\/\/yomas-electrodomesticos.com\/?post_type=product&#038;p=6311"},"modified":"2025-08-27T00:53:18","modified_gmt":"2025-08-26T22:53:18","slug":"cafetera-jura-ono","status":"publish","type":"product","link":"https:\/\/yomas-electrodomesticos.com\/index.php\/producto\/cafetera-jura-ono\/","title":{"rendered":"Cafetera Jura ONO"},"content":{"rendered":"<h2>Caf\u00e9s extraordinarios, sin c\u00e1psulas ni residuos<\/h2>\n<p><strong>Disfruta el proceso de preparaci\u00f3n, s\u00e9 tu propio barista<\/strong>, elige tu caf\u00e9 e ins\u00e9rtalo en la ONO, gira la manivela y presiona para prensar y nivelar el caf\u00e9. La tecnolog\u00eda de infusi\u00f3n del modelo ONO est\u00e1 a la altura de tus expectativas: es una JURA.<\/p>\n<p>En cada preparaci\u00f3n\u00a0<strong>podr\u00e1s seleccionar la intensidad del caf\u00e9<\/strong>\u00a0seg\u00fan tu gusto y cambiar la variedad de caf\u00e9 incluso para cada taza.<\/p>\n<p><strong>Todo el residuo que se genera es org\u00e1nico<\/strong>, no hay pl\u00e1sticos, papel ni c\u00e1psulas. Todo queda disponible en el dep\u00f3sito de la cafetera ONO, listo para tirarlo en la basura org\u00e1nica o compostar.<\/p>\n<h2>Tu eres el barista, el proceso de preparaci\u00f3n es muy sencillo<\/h2>\n<p>Bot\u00f3n de encendido, caf\u00e9 corto o caf\u00e9 largo. Una m\u00e1quina perfecta para los que s\u00f3lo quieren disfrutar de un caf\u00e9 excelente. La manivela prensa y con un giro posterior quita el caf\u00e9 infusionado, no genera residuos y todo es muy sencillo y eficaz.<\/p>\n<p>Puedes elegir la cantidad de agua tal como a ti te gusta: es ajustable de manera individual.<\/p>\n<p>Es una m\u00e1quina perfecta para tu casa. Pru\u00e9bala, no te arrepentir\u00e1s de haberla elegido.<\/p>\n<h2>La calidad Jura, tambi\u00e9n en su cafetera ONO<\/h2>\n<p>La empresa suiza mantiene, desde su fundaci\u00f3n en 1931, los valores que la distinguen todo el mundo: innovaci\u00f3n, precisi\u00f3n, calidad, fiabilidad, sostenibilidad y servicio t\u00e9cnico local. Su calidad sigue marcando la diferencia respecto a otras marcas, su especializaci\u00f3n en cafeteras premium sigue dando excepcionales resultados.<\/p>\n","protected":false},"excerpt":{"rendered":"<p>Todo es sencillo y est\u00e1 muy bien pensado. Cuando sea necesario ejecutar un programa de mantenimiento la propia cafetera te informar\u00e1, se iluminar\u00e1 el icono correspondiente:<\/p>\n<ul>\n<li>Limpiar la m\u00e1quina<\/li>\n<li>Cambiar el filtro de agua<\/li>\n<li>Descalcificar la m\u00e1quina<\/li>\n<\/ul>\n<p>La cafetera ONO es compatible con todos los consumibles Jura de mantenimiento: cartucho de filtro de agua Claris Smart, pastillas de limpieza Jura de 3 fases y pastillas de descalcificaci\u00f3n Jura de 2 fases.<\/p>\n","protected":false},"featured_media":6375,"comment_status":"open","ping_status":"closed","template":"","meta":[],"product_brand":[],"product_cat":[110],"product_tag":[],"class_list":{"0":"post-6311","1":"product","2":"type-product","3":"status-publish","4":"has-post-thumbnail","6":"product_cat-maquina-de-cafe","8":"first","9":"instock","10":"shipping-taxable","11":"purchasable","12":"product-type-simple"},"jetpack_sharing_enabled":true,"_links":{"self":[{"href":"https:\/\/yomas-electrodomesticos.com\/index.php\/wp-json\/wp\/v2\/product\/6311","targetHints":{"allow":["GET"]}}],"collection":[{"href":"https:\/\/yomas-electrodomesticos.com\/index.php\/wp-json\/wp\/v2\/product"}],"about":[{"href":"https:\/\/yomas-electrodomesticos.com\/index.php\/wp-json\/wp\/v2\/types\/product"}],"replies":[{"embeddable":true,"href":"https:\/\/yomas-electrodomesticos.com\/index.php\/wp-json\/wp\/v2\/comments?post=6311"}],"version-history":[{"count":1,"href":"https:\/\/yomas-electrodomesticos.com\/index.php\/wp-json\/wp\/v2\/product\/6311\/revisions"}],"predecessor-version":[{"id":6376,"href":"https:\/\/yomas-electrodomesticos.com\/index.php\/wp-json\/wp\/v2\/product\/6311\/revisions\/6376"}],"wp:featuredmedia":[{"embeddable":true,"href":"https:\/\/yomas-electrodomesticos.com\/index.php\/wp-json\/wp\/v2\/media\/6375"}],"wp:attachment":[{"href":"https:\/\/yomas-electrodomesticos.com\/index.php\/wp-json\/wp\/v2\/media?parent=6311"}],"wp:term":[{"taxonomy":"product_brand","embeddable":true,"href":"https:\/\/yomas-electrodomesticos.com\/index.php\/wp-json\/wp\/v2\/product_brand?post=6311"},{"taxonomy":"product_cat","embeddable":true,"href":"https:\/\/yomas-electrodomesticos.com\/index.php\/wp-json\/wp\/v2\/product_cat?post=6311"},{"taxonomy":"product_tag","embeddable":true,"href":"https:\/\/yomas-electrodomesticos.com\/index.php\/wp-json\/wp\/v2\/product_tag?post=6311"}],"curies":[{"name":"wp","href":"https:\/\/api.w.org\/{rel}","templated":true}]}}