{"id":6517,"date":"2025-08-27T05:21:17","date_gmt":"2025-08-27T03:21:17","guid":{"rendered":"https:\/\/yomas-electrodomesticos.com\/?post_type=product&#038;p=6517"},"modified":"2025-08-27T05:21:19","modified_gmt":"2025-08-27T03:21:19","slug":"procesador-le-mini-plus-magimix","status":"publish","type":"product","link":"https:\/\/yomas-electrodomesticos.com\/index.php\/producto\/procesador-le-mini-plus-magimix\/","title":{"rendered":"Procesador Le Mini Plus Magimix"},"content":{"rendered":"<h2>Un ayudante de potente motor en espacios peque\u00f1os<\/h2>\n<p>Magimix es la marca francesa que form\u00f3 parte del boom de los peque\u00f1os electrodom\u00e9sticos que revolucionaron la cocina en los a\u00f1os 60. Su robot de cocina fue pionero, y en el siglo XXI, actualizado y perfeccionado, es una de las marcas\u00a0<strong>de m\u00e1s alta calidad y excelentes resultados<\/strong>.<\/p>\n<p>El procesador Le Mini Plus es el ideal cuando\u00a0<strong>sois pocos en casa o la cocina es peque\u00f1a<\/strong>. Es un potente electrodom\u00e9stico para hacer todo tipo de mezclas, batidos, pur\u00e9s. Para picar, cortar, rallar, rebanar, batir, emulsionar y amasar en\u00a0<strong>menos tiempo y de forma homog\u00e9nea<\/strong>.<\/p>\n<p>Con el Magimix\u00a0<strong>vas a poder<\/strong>\u00a0picar hierbas y moler especias, conseguir texturas en harina, cremas y pur\u00e9s \u00a1hasta hacer mahonesa! Tambi\u00e9n, picar fruta congelada o hielo y mezclar alimentos. O batir claras a punto de nieve. Rallar y laminar forman parte tambi\u00e9n de sus funciones: util\u00edzalo para cortes en juliana, cubos o bastones. Puedes hacer con \u00e9l pan o queso rallado, harinas, helados a partir de fruta congelada, carpaccios, pastas y humus&#8230; \u00a1Deja que haga todo esto por ti!<\/p>\n<p>Este potente procesador de cocina Magimix funciona de una forma\u00a0<strong>estudiadamente simple<\/strong>: el bot\u00f3n Inicio, el bot\u00f3n Auto para que ajuste la velocidad autom\u00e1ticamente a su funci\u00f3n y el bot\u00f3n Stop. Utiliza solo la energ\u00eda que necesita. No tienes que consultar tablas.<\/p>\n<p>Incluye 2 cubetas de tama\u00f1o diferente para trabajar con diversas cantidades.<\/p>\n<h2>Accesorios incluidos con la procesadora<\/h2>\n<p>Lo potente es\u00a0<strong>su motor, con 20 a\u00f1os de garant\u00eda<\/strong>, silencioso y eficiente para ahorrar energ\u00eda. Y sus diversos recipientes y accesorios para sacarle todo el partido:<\/p>\n<ul>\n<li>Bol mini de 0.5l<\/li>\n<li>Bol XL de 1.7l<\/li>\n<li>Cuchilla met\u00e1lica para picar, moler y mezclar.<\/li>\n<li>Accesorio para batir las claras de huevo y preparar: merengues, mousses&#8230;<\/li>\n<li>Blendermix para crepes, sopas y batidos.<\/li>\n<li>Accesorio exprimidor<\/li>\n<li>Disco de acero para cortar en juliana fina.<\/li>\n<li>Disco de acero para cortar en rodajas.<\/li>\n<li>Esp\u00e1tula para remover los ingredientes.<\/li>\n<li>Libro con 70 recetas.<\/li>\n<\/ul>\n<p>Que adem\u00e1s,\u00a0<strong>se lavan en el lavavajillas<\/strong>.<\/p>\n<h2>Calidad Magimix<\/h2>\n<p>La marca Magimix nace en Francia en 1963 y desde entonces es pionera en peque\u00f1os electrodom\u00e9sticos. Goza de un gran prestigio y conf\u00eda tanto en su calidad que ofrece una\u00a0<strong>garant\u00eda de 30 a\u00f1os<\/strong>\u00a0para su motor. Sus productos est\u00e1n adem\u00e1s libres de BPA.<\/p>\n<p>Adem\u00e1s de este\u00a0<strong>robot magimix mini plus<\/strong>\u00a0est\u00e1 tambi\u00e9n disponible el\u00a0<strong>Procesador de alimentos 3200XL Magimix<\/strong>, de 650W, el\u00a0<strong>Procesador de alimentos 4200XL Magimix<\/strong>, de 950W y bol grande de 3 litros. Y el\u00a0<strong>Procesador de alimentos 5200XL Magimix<\/strong>, el m\u00e1s grande de la familia, con una capacidad de 3,6 litros para hasta 8 personas y 1.100W.<\/p>\n","protected":false},"excerpt":{"rendered":"<p>Es el procesador de cocina Magimix m\u00e1s peque\u00f1o. Pica, corta, ralla, rebana, bate, emulsiona y amasa con un simple bot\u00f3n. 400W. Peso: 4,4 kg. Medidas: 370 x 155 x 210 mm.<strong><br \/>\n<\/strong><\/p>\n<ul>\n<li>2 cubetas para m\u00e1s o menor cantidad<\/li>\n<li>Garant\u00eda del motor: 20 a\u00f1os<\/li>\n<li>Garant\u00eda de las piezas: 3 a\u00f1os<\/li>\n<li>Fabricado en Francia<\/li>\n<li>Garant\u00eda de calidad Magimix<\/li>\n<\/ul>\n","protected":false},"featured_media":6524,"comment_status":"open","ping_status":"closed","template":"","meta":[],"product_brand":[],"product_cat":[111],"product_tag":[],"class_list":{"0":"post-6517","1":"product","2":"type-product","3":"status-publish","4":"has-post-thumbnail","6":"product_cat-robot-de-cocina","8":"first","9":"instock","10":"shipping-taxable","11":"purchasable","12":"product-type-simple"},"jetpack_sharing_enabled":true,"_links":{"self":[{"href":"https:\/\/yomas-electrodomesticos.com\/index.php\/wp-json\/wp\/v2\/product\/6517","targetHints":{"allow":["GET"]}}],"collection":[{"href":"https:\/\/yomas-electrodomesticos.com\/index.php\/wp-json\/wp\/v2\/product"}],"about":[{"href":"https:\/\/yomas-electrodomesticos.com\/index.php\/wp-json\/wp\/v2\/types\/product"}],"replies":[{"embeddable":true,"href":"https:\/\/yomas-electrodomesticos.com\/index.php\/wp-json\/wp\/v2\/comments?post=6517"}],"version-history":[{"count":1,"href":"https:\/\/yomas-electrodomesticos.com\/index.php\/wp-json\/wp\/v2\/product\/6517\/revisions"}],"predecessor-version":[{"id":6525,"href":"https:\/\/yomas-electrodomesticos.com\/index.php\/wp-json\/wp\/v2\/product\/6517\/revisions\/6525"}],"wp:featuredmedia":[{"embeddable":true,"href":"https:\/\/yomas-electrodomesticos.com\/index.php\/wp-json\/wp\/v2\/media\/6524"}],"wp:attachment":[{"href":"https:\/\/yomas-electrodomesticos.com\/index.php\/wp-json\/wp\/v2\/media?parent=6517"}],"wp:term":[{"taxonomy":"product_brand","embeddable":true,"href":"https:\/\/yomas-electrodomesticos.com\/index.php\/wp-json\/wp\/v2\/product_brand?post=6517"},{"taxonomy":"product_cat","embeddable":true,"href":"https:\/\/yomas-electrodomesticos.com\/index.php\/wp-json\/wp\/v2\/product_cat?post=6517"},{"taxonomy":"product_tag","embeddable":true,"href":"https:\/\/yomas-electrodomesticos.com\/index.php\/wp-json\/wp\/v2\/product_tag?post=6517"}],"curies":[{"name":"wp","href":"https:\/\/api.w.org\/{rel}","templated":true}]}}